+ q. Let i(j) = 0 - 1 - 4*j**3 + 16*j**3 + 2*j**2. What is i(p)?
-11
Let s(w) = 13 + w - 22 + 9. Suppose -a - 1 = 0, 0*a + 5*a + 30 = -5*m. What is s(m)?
-5
Let w(f) = -f**2 - 20. Let u = 1919 - 1919. Give w(u).
-20
Suppose 11*a = 18 - 18. Suppose 3*j = -3*c + 24, -j + 2*c + 2 + 12 = 0. Let l(t) = -j + 8 + t**2 + 0*t**2 + t. Calculate l(a).
-2
Let r be -1 - (-1 + (-12)/(-8))*-2. Let s(q) = -1 + 79*q**2 + 6*q + r - 2*q - 81*q**2. What is s(4)?
-17
Suppose -l = -5*p - 21, -7*l + 3*l - 12 = 4*p. Let x(h) be the first derivative of -7*h**3/3 + h**2/2 - h + 22. What is x(l)?
-7
Let w(s) be the third derivative of s**5/60 + s**4/6 - s**3 + 9*s**2 - 3*s. Let j(n) = n**3 + 3*n**2 + 2*n - 1. Let g be j(-3). What is w(g)?
15
Let s(a) = -40*a + 116*a + a**2 - 38*a - 4 - 44*a. Give s(6).
-4
Let g(h) = h**3 + h**2 - 4*h - 2. Let t be g(-2). Let c(x) = -x - 3*x**2 + 0*x + 14 - 15 + 8*x**t. Determine c(-1).
5
Let u(c) be the first derivative of c**3/3 - 5*c**2/2 + c + 92. Let h(b) = 3*b**2 - 2*b - 1. Let z be h(2). Give u(z).
15
Let v(g) = 11*g**2 - 5*g - 17. Let p(z) be the first derivative of 5*z**3/3 - z**2 - 8*z + 3. Let d(n) = 9*p(n) - 4*v(n). Suppose y + 3 = -1. What is d(y)?
4
Let r(h) = 3*h**2 - 2*h. Let t be r(2). Suppose -2*u = -o - o - t, 25 = -5*o. Let l(s) = -s - s - 4*s**2 - 1 + 3*s**2 - 14*s**3. What is l(u)?
14
Let p(h) be the first derivative of -h**7/840 - h**6/40 - h**5/12 + h**4/24 + 52*h**3/3 - 19. Let v(s) be the third derivative of p(s). Calculate v(-8).
17
Let p(t) = 60*t + 190. Let v(h) = -11*h - 38. Let o(b) = -2*p(b) - 11*v(b). Determine o(0).
38
Let f(q) = q**2 + 13*q - 16. Let i be f(-14). Let d = i - -7. Suppose -2*b + 3*b = d*n - 22, 5*b = 2*n - 41. Let l(k) = k + 9. Give l(b).
2
Let w(o) = -10*o - 3. Suppose -2*n = -2*s - 16, -n + 8 = -5*s - 20. Give w(n).
-33
Let w(k) = -k**2 - 46*k - 129. Let a be w(-43). Let j(l) be the third derivative of 0*l - 7/6*l**3 + 1/120*l**6 + 1/24*l**4 + a - 1/10*l**5 + 6*l**2. Give j(6).
-1
Let z(f) be the third derivative of f**5/60 - f**4/8 - 5*f**3/6 - 41*f**2. Let c(g) = -5*g. Let j be c(-1). Determine z(j).
5
Let j = 1 - -3. Let l(d) = -d**2 + 0*d**2 + 5*d**2 - 3*d - 14 - d**3 + 17. What is l(j)?
-9
Suppose 82*m - 40 = 90*m. Let p(k) = -k - 4. What is p(m)?
1
Let o(y) = -y**2 - 9*y - 2. Suppose -2*s - 22 = -14. Let q(u) = u**2 + 3*u - 9. Let x be q(s). Calculate o(x).
18
Let t = -21 - -21. Let o be t - (-3 - (0 - 3)). Suppose o*q = q. Let i(u) = -u**3 + u**2 + u + 11. Determine i(q).
11
Let v = 12 + -34. Let h = -24 - v. Let s(i) = 5*i - 1. Determine s(h).
-11
Let s(v) be the third derivative of v**7/504 + 5*v**4/24 + 29*v**2. Let i(r) be the second derivative of s(r). Determine i(1).
5
Let s = 6 + -11. Let k(j) = -j**2 - 5*j - 5. Let m be k(s). Let d(g) = -2*g - 4. What is d(m)?
6
Suppose -77*d + 76*d + 5 = 0. Let b(f) = f**2 - 5*f + 2. Give b(d).
2
Let i = 94 + -65. Suppose 0 = -2*m + 2, -2*f - 5*m = f - i. Let a(k) = k**2 - 10*k + 6. Give a(f).
-10
Let c(m) = -2*m - 1. Let l(y) be the first derivative of 4*y**2 - 82*y - 32. Let f be l(10). Give c(f).
3
Let l be ((-18)/4)/(-9)*0. Let m(g) = -g - 3. Give m(l).
-3
Let r(f) = -3*f**2 - 10*f + 25. Let n(y) = 2*y**2 + 10*y - 24. Let h(k) = 4*n(k) + 3*r(k). Calculate h(8).
-5
Let k be (-14 + 5)*9/27. Let q(y) = y**2 - 1. Let b(a) = a**3 + 3*a**2 - 4*a - 2. Let z(g) = -b(g) + 3*q(g). Calculate z(k).
14
Let w(z) = z**2 + z - 3 + 0*z**2 - 2*z**2. Let d(h) = 4*h - 48. Let p be d(12). What is w(p)?
-3
Suppose -43 = -10*w + 9*w. Let z(n) = -6 + 5*n - 18*n**2 - 19*n**2 + n**3 + w*n**2. Calculate z(-5).
-6
Let f = 73 + -71. Let s(r) = 7*r**f - 2*r**2 - 55 + 59 - r**3 + r. Calculate s(4).
24
Let s(n) = -n**2 + 3*n - 4. Let v = -365 + 369. Calculate s(v).
-8
Let o(f) = -f - 1. Let u(w) = 4*w + 20. Let g(x) = 5*o(x) + u(x). Let z be g(13). Let j(a) = -3*a**2 + 3*a - 1. Calculate j(z).
-7
Let g = -60 + 38. Let b = g - -12. Let q be (-2)/6*(b + 13). Let m(r) = -7*r**3 - r. What is m(q)?
8
Let f(g) be the second derivative of g**3/6 - g**2 - 5*g. Let m(n) = n**3 - 4*n**2 - 4*n - 1. Let s = -12 + 17. Let j be m(s). Give f(j).
2
Suppose -5*u + 9 = -1. Suppose 0 = -z - 34 + 39. Suppose -z*n + u*n = 0. Let w(f) = -f**3 + f**2 + 6. What is w(n)?
6
Let z(h) = h**3 + 3*h**2 - 3*h + 1. Suppose 0 = -14*r + 10*r - 16. Determine z(r).
-3
Let t(f) = 3*f - 4 - 3 + 1. Let b be t(0). Let c(w) be the first derivative of -w**3/3 - 2*w**2 + 8*w + 4. What is c(b)?
-4
Suppose 10*v = -58 - 12. Let q(f) = f**2 + 8*f + 5. What is q(v)?
-2
Let t(f) = 33*f - 84. Let c(z) = -9*z + 24. Let q(i) = 18*c(i) + 5*t(i). Determine q(-8).
-12
Let d(k) = -28*k - 15 + 13*k + 7*k + 14*k. Calculate d(4).
9
Let t(n) = -n**3 - 3*n**2 - n - 1. Suppose -j - 10 = 2*x, 0 = 2*j + 5*x - 8 + 32. Determine t(j).
-3
Let l(b) = -5*b - 36*b**3 + 0*b + 35*b**3 + 3*b - 6. What is l(0)?
-6
Let d(s) = 22 - 55 + 27 - 3*s + 20. What is d(7)?
-7
Let y(a) be the second derivative of -a**4/6 - a**3/6 - 3*a**2/2 + 10*a + 4. What is y(-3)?
-18
Suppose -2*m + 80 = -2*d, -m + 3*m - 64 = -2*d. Suppose 0 = 2*l - c + m, c + c = -3*l - 68. Let q = l + 15. Let x(h) = -h**3 - 6*h**2 - 4*h + 4. Determine x(q).
-1
Let f(o) = o**2 - 5*o + 6. Suppose 2*x - 258 = 2*u, -3*x + 341 + 18 = 4*u. Suppose 9*v = 4*v + x. Suppose 4*q = -q + v. Give f(q).
6
Let j(k) = -4*k**2 - 6*k + 5. Let r(f) = 2*f**2 + 3*f - 2. Let u(a) = -2*j(a) - 5*r(a). Let n = 159 + -162. Give u(n).
-9
Let d(c) = 10*c**3 + c**2 - 4*c + 3. Let f(i) = -29*i**3 - 3*i**2 + 11*i - 8. Let z(s) = -8*d(s) - 3*f(s). Let g = -154 + 155. Calculate z(g).
7
Let o(j) = -j**3 + 4*j**2 - 3*j - 1. Let h be o(3). Let m(b) = 2*b**2 + 6*b - 6. Let i be m(2). Let k(n) = 13*n + 5*n**3 - 9*n**3 - n**2 - i*n. What is k(h)?
4
Let g(u) be the first derivative of -3*u**2 - 2*u**2 + u**2 - u + 2. Let s(o) = 10*o - 229. Let c be s(23). Give g(c).
-9
Suppose 36 = -4*b + 20, -20 = -4*d - 2*b. Let p(g) = -g**2 + 10*g + 2. Give p(d).
23
Let g(i) = -2*i**2 - 14*i - 1. Suppose 0 = -8*r - 17 - 39. Give g(r).
-1
Let m(x) = -x**2 - 5*x - 1. Suppose -2*y + 3*y = 14. Let w be -1*(-4)/4*72/(-4). Let t = w + y. Give m(t).
3
Let w be 0/(-1)*(3 + -2). Let c(l) = 13*l**3 + 13*l**2 + l + 29. Let x(a) = 2*a**3 + 2*a**2 + 4. Let d(q) = c(q) - 6*x(q). Calculate d(w).
5
Let o(v) = v**2 - 39*v + 38. Let x be o(38). Let u(y) be the third derivative of -1/24*y**4 + 0 + 4*y**2 + 1/6*y**3 + x*y. Determine u(1).
0
Let g(c) = -c**2 - 19*c - 91. Let p be g(-11). Let w(f) = 2*f + 4. Determine w(p).
-2
Let j be (-6)/45 - (-288)/135. Let g(v) = v + 0 - j - 5 + 13. Calculate g(-7).
-1
Let y(n) = 7*n - 7. Suppose 0 = 4*x - 20, -3*x + 11 = r + 1. Give y(r).
-42
Let a = 28 + -28. Let v be a/((-4)/(-4)) + -3. Let i(m) = m**3 + 5*m**2 + 3*m - 1. What is i(v)?
8
Let p(w) = 4*w + 14. Let b(l) = -3*l - 13. Let i(x) = 3*b(x) + 2*p(x). Give i(-4).
-7
Let t be (-5)/(3/(0 - 3)). Suppose x - 5*d = 18, d + 30 = t*x - 4*d. Suppose 12 = x*b - 0*b. Let r(l) = -2*l - 5. Calculate r(b).
-13
Let y = -1762 + 7051/4. Let d(s) be the first derivative of s + y*s**4 + 3 + 0*s**2 - 1/3*s**3. What is d(-1)?
-3
Let k = -5 + 9. Let d = -137 - -140. Let o(f) = 4*f - f**3 - 6*f + 5*f**2 + k - 2 - d. Calculate o(4).
7
Suppose -8 + 118 = 5*w. Let a(k) = 0*k**2 + 4*k + w*k**3 - 5 + 6*k**2 - 21*k**3. Let y = -11 + 7. Give a(y).
11
Let r = -25 + 19. Let b = r - -10. Let a(q) = -q**3 + 2*q**2 + 6*q - 5. Calculate a(b).
-13
Let i be (-3)/(((-15)/2)/5). Let a be (-1)/i*-4*1. Let y(w) be the third derivative of w**5/60 + w**4/12 - w**3/2 + 4*w**2 + 44*w. Determine y(a).
5
Let o be (((-8)/(-2))/(-8))/(2/(-20)). Let d(h) = -7*h - 2. Let w(y) = -8*y - 3. Let c(p) = -4*d(p) + 3*w(p). Determine c(o).
19
Let a(j) = -22232 + 11114 + 11120 - 9*j. What is a(-1)?
11
Let f(l) = -l + 3. Let u(w) = -16*w + 36. Let g(a) = -12*f(a) + u(a). What is g(-6)?
24
Let h(g) = g**2 - 27*g + 176. Let d be h(16). Let x(z) = z + 20. Calculate x(d).
20
Let m(a) = -a**3 - a**2 + 8*a + 3. Let w be m(-3). Let n be (1 + 1 + 2)/2. Let v(x) = 2*x - n*x - 2*x - 3*x + 2. Determine v(w).
17
Let v(x) = 0*x**2 + 2*x**2 + x + 3*x**3 + x**3 + 0*x**2. Let f = -698 - -696. Give v(f).
-26
Let f(v) = v - 1. Let l be (-20)/6*114/(-95). Suppose -6 = 3*u, l*s - 16 = 4*u - 2*u. What is f(s)?
2
Let f(k) = k**2 - 